{"id":2383,"date":"2023-11-29T22:16:30","date_gmt":"2023-11-29T19:16:30","guid":{"rendered":"https:\/\/www.gucbirligipartisi.org\/?page_id=2383"},"modified":"2024-01-20T12:46:24","modified_gmt":"2024-01-20T09:46:24","slug":"bagis-yap","status":"publish","type":"page","link":"https:\/\/www.gucbirligipartisi.org.tr\/index.php\/bagis-yap\/","title":{"rendered":"Ba\u011f\u0131\u015f Yap"},"content":{"rendered":"\t\t<div data-elementor-type=\"wp-page\" data-elementor-id=\"2383\" class=\"elementor elementor-2383\" data-elementor-post-type=\"page\">\n\t\t\t\t<div class=\"elementor-element elementor-element-438a2a4 e-flex e-con-boxed e-con e-parent\" data-id=\"438a2a4\" data-element_type=\"container\" data-e-type=\"container\">\n\t\t\t\t\t<div class=\"e-con-inner\">\n\t\t<div class=\"elementor-element elementor-element-1bcb8f2 e-flex e-con-boxed e-con e-child\" data-id=\"1bcb8f2\" data-element_type=\"container\" data-e-type=\"container\">\n\t\t\t\t\t<div class=\"e-con-inner\">\n\t\t\n\t\t<div class=\"elementor-element elementor-element-0c2ce3f elementor-widget elementor-widget-text-editor\" data-id=\"0c2ce3f\" data-element_type=\"widget\" data-e-type=\"widget\" data-widget_type=\"text-editor.default\">\n\t\t\t\t<div class=\"elementor-widget-container\">\n\t\t\t\t\t\t\t\t\t<p>Demokratik rejimin olmazsa olmaz\u0131 olan Siyasi partilerin i\u015flevlerini yerine getirebilmesi, Siyasi parti kurulu\u015flar\u0131n\u0131n Siyasi Partiler Kanunu 61. maddesi ile belirlenen gelirlerine ba\u011fl\u0131d\u0131r.<br \/>Siyasi partilerin en \u00f6nemli gelir unsurlar\u0131ndan birisi de ba\u011f\u0131\u015flard\u0131r.<\/p>\t\t\t\t\t\t\t\t<\/div>\n\t\t\t\t<\/div>\n\t\t\t\t\t<\/div>\n\t\t\t\t<\/div>\n\t\t\t\t\t<\/div>\n\t\t\t\t<\/div>\n\t\t<div class=\"elementor-element elementor-element-b84a80b e-flex e-con-boxed e-con e-parent\" data-id=\"b84a80b\" data-element_type=\"container\" data-e-type=\"container\">\n\t\t\t\t\t<div class=\"e-con-inner\">\n\t\t<div class=\"elementor-element elementor-element-555b8e6 e-flex e-con-boxed e-con e-child\" data-id=\"555b8e6\" data-element_type=\"container\" data-e-type=\"container\">\n\t\t\t\t\t<div class=\"e-con-inner\">\n\t\t\t\t<div class=\"elementor-element elementor-element-0b2452e elementor-widget elementor-widget-text-editor\" data-id=\"0b2452e\" data-element_type=\"widget\" data-e-type=\"widget\" data-widget_type=\"text-editor.default\">\n\t\t\t\t<div class=\"elementor-widget-container\">\n\t\t\t\t\t\t\t\t\t<p>TR92 0001 0011 3394 5572 8350 01<\/p><p>Z\u0130RAAT BANKASI<\/p><p>G\u00dc\u00c7 B\u0130RL\u0130\u011e\u0130 PART\u0130S\u0130 TL HESABI<\/p>\t\t\t\t\t\t\t\t<\/div>\n\t\t\t\t<\/div>\n\t\t\t\t\t<\/div>\n\t\t\t\t<\/div>\n\t\t\t\t\t<\/div>\n\t\t\t\t<\/div>\n\t\t<div class=\"elementor-element elementor-element-03bb29a e-flex e-con-boxed e-con e-parent\" data-id=\"03bb29a\" data-element_type=\"container\" data-e-type=\"container\">\n\t\t\t\t\t<div class=\"e-con-inner\">\n\t\t<div class=\"elementor-element elementor-element-d2d2818 e-flex e-con-boxed e-con e-child\" data-id=\"d2d2818\" data-element_type=\"container\" data-e-type=\"container\">\n\t\t\t\t\t<div class=\"e-con-inner\">\n\t\t\t\t<div class=\"elementor-element elementor-element-46651d4 elementor-widget elementor-widget-text-editor\" data-id=\"46651d4\" data-element_type=\"widget\" data-e-type=\"widget\" data-widget_type=\"text-editor.default\">\n\t\t\t\t<div class=\"elementor-widget-container\">\n\t\t\t\t\t\t\t\t\t<p>TR32 0001 0012 3694 5572 8350 05<\/p><p>Z\u0130RAAT BANKASI<\/p><p>G\u00dc\u00c7 B\u0130RL\u0130\u011e\u0130 PART\u0130S\u0130 USD HESABI<\/p>\t\t\t\t\t\t\t\t<\/div>\n\t\t\t\t<\/div>\n\t\t\t\t\t<\/div>\n\t\t\t\t<\/div>\n\t\t\t\t\t<\/div>\n\t\t\t\t<\/div>\n\t\t<div class=\"elementor-element elementor-element-8f566f4 e-flex e-con-boxed e-con e-parent\" data-id=\"8f566f4\" data-element_type=\"container\" data-e-type=\"container\">\n\t\t\t\t\t<div class=\"e-con-inner\">\n\t\t<div class=\"elementor-element elementor-element-dc166f7 e-flex e-con-boxed e-con e-child\" data-id=\"dc166f7\" data-element_type=\"container\" data-e-type=\"container\">\n\t\t\t\t\t<div class=\"e-con-inner\">\n\t\t\t\t<div class=\"elementor-element elementor-element-4f1b56a elementor-widget elementor-widget-text-editor\" data-id=\"4f1b56a\" data-element_type=\"widget\" data-e-type=\"widget\" data-widget_type=\"text-editor.default\">\n\t\t\t\t<div class=\"elementor-widget-container\">\n\t\t\t\t\t\t\t\t\t<p>TR05 0001 0012 3694 5572 8350 06<\/p><p>Z\u0130RAAT BANKASI<\/p><p>G\u00dc\u00c7 B\u0130RL\u0130\u011e\u0130 PART\u0130S\u0130 EURO HESABI<\/p>\t\t\t\t\t\t\t\t<\/div>\n\t\t\t\t<\/div>\n\t\t\t\t\t<\/div>\n\t\t\t\t<\/div>\n\t\t\t\t\t<\/div>\n\t\t\t\t<\/div>\n\t\t<div class=\"elementor-element elementor-element-799d74b e-flex e-con-boxed e-con e-parent\" data-id=\"799d74b\" data-element_type=\"container\" data-e-type=\"container\">\n\t\t\t\t\t<div class=\"e-con-inner\">\n\t\t<div class=\"elementor-element elementor-element-b64a992 e-flex e-con-boxed e-con e-child\" data-id=\"b64a992\" data-element_type=\"container\" data-e-type=\"container\">\n\t\t\t\t\t<div class=\"e-con-inner\">\n\t\t\t\t\t<\/div>\n\t\t\t\t<\/div>\n\t\t\t\t\t<\/div>\n\t\t\t\t<\/div>\n\t\t\t\t<\/div>\n\t\t","protected":false},"excerpt":{"rendered":"<p>Demokratik rejimin olmazsa olmaz\u0131 olan Siyasi partilerin i\u015flevlerini yerine getirebilmesi, Siyasi parti kurulu\u015flar\u0131n\u0131n Siyasi Partiler Kanunu 61. maddesi ile belirlenen gelirlerine ba\u011fl\u0131d\u0131r.Siyasi partilerin en \u00f6nemli gelir unsurlar\u0131ndan birisi de ba\u011f\u0131\u015flard\u0131r. TR92 0001 0011 3394 5572 8350 01 Z\u0130RAAT BANKASI G\u00dc\u00c7 B\u0130RL\u0130\u011e\u0130 PART\u0130S\u0130 TL HESABI TR32 0001 0012 3694 5572 8350 05 Z\u0130RAAT BANKASI G\u00dc\u00c7 B\u0130RL\u0130\u011e\u0130&#8230;<\/p>\n","protected":false},"author":1,"featured_media":0,"parent":0,"menu_order":0,"comment_status":"closed","ping_status":"closed","template":"","meta":{"give_campaign_id":0,"footnotes":""},"class_list":["post-2383","page","type-page","status-publish","hentry"],"aioseo_notices":[],"campaignId":"","jetpack_sharing_enabled":true,"_links":{"self":[{"href":"https:\/\/www.gucbirligipartisi.org.tr\/index.php\/wp-json\/wp\/v2\/pages\/2383","targetHints":{"allow":["GET"]}}],"collection":[{"href":"https:\/\/www.gucbirligipartisi.org.tr\/index.php\/wp-json\/wp\/v2\/pages"}],"about":[{"href":"https:\/\/www.gucbirligipartisi.org.tr\/index.php\/wp-json\/wp\/v2\/types\/page"}],"author":[{"embeddable":true,"href":"https:\/\/www.gucbirligipartisi.org.tr\/index.php\/wp-json\/wp\/v2\/users\/1"}],"replies":[{"embeddable":true,"href":"https:\/\/www.gucbirligipartisi.org.tr\/index.php\/wp-json\/wp\/v2\/comments?post=2383"}],"version-history":[{"count":24,"href":"https:\/\/www.gucbirligipartisi.org.tr\/index.php\/wp-json\/wp\/v2\/pages\/2383\/revisions"}],"predecessor-version":[{"id":2415,"href":"https:\/\/www.gucbirligipartisi.org.tr\/index.php\/wp-json\/wp\/v2\/pages\/2383\/revisions\/2415"}],"wp:attachment":[{"href":"https:\/\/www.gucbirligipartisi.org.tr\/index.php\/wp-json\/wp\/v2\/media?parent=2383"}],"curies":[{"name":"wp","href":"https:\/\/api.w.org\/{rel}","templated":true}]}}