{"id":23,"date":"2023-05-15T01:59:36","date_gmt":"2023-05-14T22:59:36","guid":{"rendered":"https:\/\/themeholy.com\/wordpress\/malen\/?page_id=23"},"modified":"2023-11-08T11:43:38","modified_gmt":"2023-11-08T08:43:38","slug":"teskilat-baskanligi","status":"publish","type":"page","link":"https:\/\/www.gucbirligipartisi.org.tr\/index.php\/teskilat-baskanligi\/","title":{"rendered":"Te\u015fkilat Ba\u015fkanl\u0131\u011f\u0131"},"content":{"rendered":"\t\t<div data-elementor-type=\"wp-page\" data-elementor-id=\"23\" class=\"elementor elementor-23\" data-elementor-post-type=\"page\">\n\t\t\t\t\t\t<section class=\"elementor-section elementor-top-section elementor-element elementor-element-51bb885 elementor-section-boxed elementor-section-height-default elementor-section-height-default\" data-id=\"51bb885\" data-element_type=\"section\" data-e-type=\"section\" data-settings=\"{&quot;background_background&quot;:&quot;classic&quot;}\">\n\t\t\t\t\t\t<div class=\"elementor-container elementor-column-gap-no\">\n\t\t\t\t\t<div class=\"elementor-column elementor-col-100 elementor-top-column elementor-element elementor-element-129965a\" data-id=\"129965a\" data-element_type=\"column\" data-e-type=\"column\">\n\t\t\t<div class=\"elementor-widget-wrap elementor-element-populated\">\n\t\t\t\t\n\t\t<div class=\"elementor-element elementor-element-5c69143 elementor-widget__width-inherit elementor-widget elementor-widget-malensectiontitle\" data-id=\"5c69143\" data-element_type=\"widget\" data-e-type=\"widget\" data-widget_type=\"malensectiontitle.default\">\n\t\t\t\t<div class=\"elementor-widget-container\">\n\t\t\t\t\t\t\t<div class=\"title-area text-center\">\n\t\t\t\n\t\t\t<h3 class=\"sub-title th-sub\">TE\u015eK\u0130LAT BA\u015eKANLI\u011eI <span class=\"double-line\"><\/span><\/h3><h2 class=\"sec-title th-title\">G\u00fc\u00e7 Birli\u011fi Partisi T\u00fcrkiye Te\u015fkilat Ba\u015fkanl\u0131\u011f\u0131<\/h2>\t\t<\/div>\n\n\t\t\t\t\t<\/div>\n\t\t\t\t<\/div>\n\t\t\t\t<div class=\"elementor-element elementor-element-a51ab7d elementor-widget elementor-widget-malenservice\" data-id=\"a51ab7d\" data-element_type=\"widget\" data-e-type=\"widget\" data-widget_type=\"malenservice.default\">\n\t\t\t\t<div class=\"elementor-widget-container\">\n\t\t\t\t\t\n        \t\t\t<div class=\"row gy-4\">\n\t\t\t\t\t\t\t\t<div class=\"col-md-6 col-lg-4 col-xl-3\">\n\t\t\t\t\t<div class=\"service-item style2\">\n\t\t\t\t\t\t<div class=\"service-item_shape\">\n\t\t\t\t\t\t\t<img decoding=\"async\" src=\"https:\/\/www.gucbirligipartisi.org\/wp-content\/uploads\/2023\/11\/gbp-logo-e1699389409434.png\" alt=\"gbp logo e1699389409434\"  \/>\t\t\t\t\t\t<\/div>\n\t\t\t\t\t\t<div class=\"service-item-content\">\n\t\t\t\t\t\t\t<div class=\"service-item_icon\">\n\t\t\t\t\t\t\t\t<img decoding=\"async\" src=\"https:\/\/www.gucbirligipartisi.org\/wp-content\/uploads\/2023\/05\/gbp.png\" alt=\"gbp\"  \/>\t\t\t\t\t\t\t<\/div>\n\t\t\t\t\t\t\t<h3 class=\"service-item_title th-title\"><a href=\"https:\/\/themeholy.com\/wordpress\/malen\/service-details\/\">TE\u015eK\u0130LAT BA\u015eKANI<\/a><\/h3>\n\n\t\t\t\t\t\t\t<p class=\"service-item_text th-desc\"><\/p>\n\t\t\t\t\t\t\t<a href=\"https:\/\/themeholy.com\/wordpress\/malen\/service-details\/\" class=\"half-line-btn th_btn\"><\/a>\n\t\t\t\t\t\t<\/div>\n\t\t\t\t\t<\/div>\n\t\t\t\t<\/div>\n\t\t\t\t\t\t\t\t<div class=\"col-md-6 col-lg-4 col-xl-3\">\n\t\t\t\t\t<div class=\"service-item style2\">\n\t\t\t\t\t\t<div class=\"service-item_shape\">\n\t\t\t\t\t\t\t<img decoding=\"async\" src=\"https:\/\/www.gucbirligipartisi.org\/wp-content\/uploads\/2023\/11\/gbp-logo-e1699389409434.png\" alt=\"gbp logo e1699389409434\"  \/>\t\t\t\t\t\t<\/div>\n\t\t\t\t\t\t<div class=\"service-item-content\">\n\t\t\t\t\t\t\t<div class=\"service-item_icon\">\n\t\t\t\t\t\t\t\t<img decoding=\"async\" src=\"https:\/\/www.gucbirligipartisi.org\/wp-content\/uploads\/2023\/05\/gbp.png\" alt=\"gbp\"  \/>\t\t\t\t\t\t\t<\/div>\n\t\t\t\t\t\t\t<h3 class=\"service-item_title th-title\"><a href=\"https:\/\/themeholy.com\/wordpress\/malen\/service-details\/\">TE\u015eK\u0130LAT BA\u015eKAN VEK\u0130LLER\u0130<\/a><\/h3>\n\n\t\t\t\t\t\t\t<p class=\"service-item_text th-desc\"><\/p>\n\t\t\t\t\t\t\t<a href=\"https:\/\/themeholy.com\/wordpress\/malen\/service-details\/\" class=\"half-line-btn th_btn\"><\/a>\n\t\t\t\t\t\t<\/div>\n\t\t\t\t\t<\/div>\n\t\t\t\t<\/div>\n\t\t\t\t\t\t\t\t<div class=\"col-md-6 col-lg-4 col-xl-3\">\n\t\t\t\t\t<div class=\"service-item style2\">\n\t\t\t\t\t\t<div class=\"service-item_shape\">\n\t\t\t\t\t\t\t<img decoding=\"async\" src=\"https:\/\/www.gucbirligipartisi.org\/wp-content\/uploads\/2023\/11\/gbp-logo-e1699389409434.png\" alt=\"gbp logo e1699389409434\"  \/>\t\t\t\t\t\t<\/div>\n\t\t\t\t\t\t<div class=\"service-item-content\">\n\t\t\t\t\t\t\t<div class=\"service-item_icon\">\n\t\t\t\t\t\t\t\t<img decoding=\"async\" src=\"https:\/\/www.gucbirligipartisi.org\/wp-content\/uploads\/2023\/05\/gbp.png\" alt=\"gbp\"  \/>\t\t\t\t\t\t\t<\/div>\n\t\t\t\t\t\t\t<h3 class=\"service-item_title th-title\"><a href=\"https:\/\/themeholy.com\/wordpress\/malen\/service-details\/\">TE\u015eK\u0130LAT BA\u015eKAN YARDIMCILARI<\/a><\/h3>\n\n\t\t\t\t\t\t\t<p class=\"service-item_text th-desc\"><\/p>\n\t\t\t\t\t\t\t<a href=\"https:\/\/themeholy.com\/wordpress\/malen\/service-details\/\" class=\"half-line-btn th_btn\"><\/a>\n\t\t\t\t\t\t<\/div>\n\t\t\t\t\t<\/div>\n\t\t\t\t<\/div>\n\t\t\t\t\t\t\t\t<div class=\"col-md-6 col-lg-4 col-xl-3\">\n\t\t\t\t\t<div class=\"service-item style2\">\n\t\t\t\t\t\t<div class=\"service-item_shape\">\n\t\t\t\t\t\t\t<img decoding=\"async\" src=\"https:\/\/www.gucbirligipartisi.org\/wp-content\/uploads\/2023\/11\/gbp-logo-e1699389409434.png\" alt=\"gbp logo e1699389409434\"  \/>\t\t\t\t\t\t<\/div>\n\t\t\t\t\t\t<div class=\"service-item-content\">\n\t\t\t\t\t\t\t<div class=\"service-item_icon\">\n\t\t\t\t\t\t\t\t<img decoding=\"async\" src=\"https:\/\/www.gucbirligipartisi.org\/wp-content\/uploads\/2023\/05\/gbp.png\" alt=\"gbp\"  \/>\t\t\t\t\t\t\t<\/div>\n\t\t\t\t\t\t\t<h3 class=\"service-item_title th-title\"><a href=\"https:\/\/themeholy.com\/wordpress\/malen\/service-details\/\">TE\u015eK\u0130LAT B\u00d6LGE YARDIMCILARI<\/a><\/h3>\n\n\t\t\t\t\t\t\t<p class=\"service-item_text th-desc\"><\/p>\n\t\t\t\t\t\t\t<a href=\"https:\/\/themeholy.com\/wordpress\/malen\/service-details\/\" class=\"half-line-btn th_btn\"><\/a>\n\t\t\t\t\t\t<\/div>\n\t\t\t\t\t<\/div>\n\t\t\t\t<\/div>\n\t\t\t\t\t\t\t\t<div class=\"col-md-6 col-lg-4 col-xl-3\">\n\t\t\t\t\t<div class=\"service-item style2\">\n\t\t\t\t\t\t<div class=\"service-item_shape\">\n\t\t\t\t\t\t\t<img decoding=\"async\" src=\"https:\/\/www.gucbirligipartisi.org\/wp-content\/uploads\/2023\/11\/gbp-logo-e1699389409434.png\" alt=\"gbp logo e1699389409434\"  \/>\t\t\t\t\t\t<\/div>\n\t\t\t\t\t\t<div class=\"service-item-content\">\n\t\t\t\t\t\t\t<div class=\"service-item_icon\">\n\t\t\t\t\t\t\t\t<img decoding=\"async\" src=\"https:\/\/www.gucbirligipartisi.org\/wp-content\/uploads\/2023\/05\/gbp.png\" alt=\"gbp\"  \/>\t\t\t\t\t\t\t<\/div>\n\t\t\t\t\t\t\t<h3 class=\"service-item_title th-title\"><a href=\"https:\/\/themeholy.com\/wordpress\/malen\/service-details\/\">\u0130L BA\u015eKANLIKLARI<\/a><\/h3>\n\n\t\t\t\t\t\t\t<p class=\"service-item_text th-desc\"><\/p>\n\t\t\t\t\t\t\t<a href=\"https:\/\/themeholy.com\/wordpress\/malen\/service-details\/\" class=\"half-line-btn th_btn\"><\/a>\n\t\t\t\t\t\t<\/div>\n\t\t\t\t\t<\/div>\n\t\t\t\t<\/div>\n\t\t\t\t\t\t\t\t<div class=\"col-md-6 col-lg-4 col-xl-3\">\n\t\t\t\t\t<div class=\"service-item style2\">\n\t\t\t\t\t\t<div class=\"service-item_shape\">\n\t\t\t\t\t\t\t<img decoding=\"async\" src=\"https:\/\/www.gucbirligipartisi.org\/wp-content\/uploads\/2023\/11\/gbp-logo-e1699389409434.png\" alt=\"gbp logo e1699389409434\"  \/>\t\t\t\t\t\t<\/div>\n\t\t\t\t\t\t<div class=\"service-item-content\">\n\t\t\t\t\t\t\t<div class=\"service-item_icon\">\n\t\t\t\t\t\t\t\t<img decoding=\"async\" src=\"https:\/\/www.gucbirligipartisi.org\/wp-content\/uploads\/2023\/05\/gbp.png\" alt=\"gbp\"  \/>\t\t\t\t\t\t\t<\/div>\n\t\t\t\t\t\t\t<h3 class=\"service-item_title th-title\"><a href=\"https:\/\/themeholy.com\/wordpress\/malen\/service-details\/\">\u0130L\u00c7E BA\u015eKANLIKLARI<\/a><\/h3>\n\n\t\t\t\t\t\t\t<p class=\"service-item_text th-desc\"><\/p>\n\t\t\t\t\t\t\t<a href=\"https:\/\/themeholy.com\/wordpress\/malen\/service-details\/\" class=\"half-line-btn th_btn\"><\/a>\n\t\t\t\t\t\t<\/div>\n\t\t\t\t\t<\/div>\n\t\t\t\t<\/div>\n\t\t\t\t\t\t\t\t<div class=\"col-md-6 col-lg-4 col-xl-3\">\n\t\t\t\t\t<div class=\"service-item style2\">\n\t\t\t\t\t\t<div class=\"service-item_shape\">\n\t\t\t\t\t\t\t<img decoding=\"async\" src=\"https:\/\/www.gucbirligipartisi.org\/wp-content\/uploads\/2023\/11\/gbp-logo-e1699389409434.png\" alt=\"gbp logo e1699389409434\"  \/>\t\t\t\t\t\t<\/div>\n\t\t\t\t\t\t<div class=\"service-item-content\">\n\t\t\t\t\t\t\t<div class=\"service-item_icon\">\n\t\t\t\t\t\t\t\t<img decoding=\"async\" src=\"https:\/\/www.gucbirligipartisi.org\/wp-content\/uploads\/2023\/05\/gbp.png\" alt=\"gbp\"  \/>\t\t\t\t\t\t\t<\/div>\n\t\t\t\t\t\t\t<h3 class=\"service-item_title th-title\"><a href=\"https:\/\/themeholy.com\/wordpress\/malen\/service-details\/\">MAHALLE TEMS\u0130LC\u0130L\u0130KLER\u0130<\/a><\/h3>\n\n\t\t\t\t\t\t\t<p class=\"service-item_text th-desc\"><\/p>\n\t\t\t\t\t\t\t<a href=\"https:\/\/themeholy.com\/wordpress\/malen\/service-details\/\" class=\"half-line-btn th_btn\"><\/a>\n\t\t\t\t\t\t<\/div>\n\t\t\t\t\t<\/div>\n\t\t\t\t<\/div>\n\t\t\t\t\t\t\t\t<div class=\"col-md-6 col-lg-4 col-xl-3\">\n\t\t\t\t\t<div class=\"service-item style2\">\n\t\t\t\t\t\t<div class=\"service-item_shape\">\n\t\t\t\t\t\t\t<img decoding=\"async\" src=\"https:\/\/www.gucbirligipartisi.org\/wp-content\/uploads\/2023\/11\/gbp-logo-e1699389409434.png\" alt=\"gbp logo e1699389409434\"  \/>\t\t\t\t\t\t<\/div>\n\t\t\t\t\t\t<div class=\"service-item-content\">\n\t\t\t\t\t\t\t<div class=\"service-item_icon\">\n\t\t\t\t\t\t\t\t<img decoding=\"async\" src=\"https:\/\/www.gucbirligipartisi.org\/wp-content\/uploads\/2023\/05\/gbp.png\" alt=\"gbp\"  \/>\t\t\t\t\t\t\t<\/div>\n\t\t\t\t\t\t\t<h3 class=\"service-item_title th-title\"><a href=\"https:\/\/themeholy.com\/wordpress\/malen\/service-details\/\">\u00dcYELER\u0130M\u0130Z<\/a><\/h3>\n\n\t\t\t\t\t\t\t<p class=\"service-item_text th-desc\"><\/p>\n\t\t\t\t\t\t\t<a href=\"https:\/\/themeholy.com\/wordpress\/malen\/service-details\/\" class=\"half-line-btn th_btn\"><\/a>\n\t\t\t\t\t\t<\/div>\n\t\t\t\t\t<\/div>\n\t\t\t\t<\/div>\n\t\t\t\t\t\t\t<\/div>\n\n    \t\t\t\t\t<\/div>\n\t\t\t\t<\/div>\n\t\t\t\t\t<\/div>\n\t\t<\/div>\n\t\t\t\t\t<\/div>\n\t\t<\/section>\n\t\t\t\t<section class=\"elementor-section elementor-top-section elementor-element elementor-element-a93e55f elementor-section-boxed elementor-section-height-default elementor-section-height-default\" data-id=\"a93e55f\" data-element_type=\"section\" data-e-type=\"section\">\n\t\t\t\t\t\t<div class=\"elementor-container elementor-column-gap-no\">\n\t\t\t\t\t<div class=\"elementor-column elementor-col-100 elementor-top-column elementor-element elementor-element-55ab497\" data-id=\"55ab497\" data-element_type=\"column\" data-e-type=\"column\">\n\t\t\t<div class=\"elementor-widget-wrap elementor-element-populated\">\n\t\t\t\t\t\t<div class=\"elementor-element elementor-element-0f84d3b elementor-widget__width-inherit elementor-widget elementor-widget-malensectiontitle\" data-id=\"0f84d3b\" data-element_type=\"widget\" data-e-type=\"widget\" data-widget_type=\"malensectiontitle.default\">\n\t\t\t\t<div class=\"elementor-widget-container\">\n\t\t\t\t\t\t\t<div class=\"title-area text-center\">\n\t\t\t\n\t\t\t<h2 class=\"sec-title th-title\">TE\u015eK\u0130LAT BA\u015eKANLI\u011eI<\/h2>\t\t<\/div>\n\n\t\t\t\t\t<\/div>\n\t\t\t\t<\/div>\n\t\t\t\t<div class=\"elementor-element elementor-element-de2d9e6 elementor-widget elementor-widget-malenteam\" data-id=\"de2d9e6\" data-element_type=\"widget\" data-e-type=\"widget\" data-widget_type=\"malenteam.default\">\n\t\t\t\t<div class=\"elementor-widget-container\">\n\t\t\t\t\t\n\t\t\t\t\t\t<div class=\"row slider-shadow th-carousel arrow-wrap\" id=\"teamSlide2\" data-slide-show=\"4\" data-lg-slide-show=\"3\" data-md-slide-show=\"2\" data-sm-slide-show=\"2\" data-xs-slide-show=\"1\" data-arrows=\"true\">\n\t\t\t\t\t\t        <div class=\"col-sm-6 col-lg-4 col-xxl-3\">\n                    <div class=\"th-team team-card\">\n                        <div class=\"team-img\">\n\t\t\t\t\t\t\t<img decoding=\"async\" src=\"https:\/\/www.gucbirligipartisi.org\/wp-content\/uploads\/2023\/11\/WhatsApp-Image-2023-10-08-at-22.18.23.jpeg\" alt=\"WhatsApp Image 2023 10 08 at 22.18.23\"  \/>                        <\/div>\n\t\t\t\t\t\t<div class=\"team-card-content\">\n                            <div class=\"team-content\">\n\t\t\t\t\t\t\t\t<h3 class=\"team-title box-title th-title\"><a  href=\"https:\/\/themeholy.com\/wordpress\/malen\/team-details\/\">H\u00dcSEY\u0130N POLATKAN<\/a><\/h3>\n\t\t\t\t\t\t\t\t<span class=\"team-desig\">TE\u015eK\u0130LAT BA\u015eKANI<\/span>\n                            <\/div>\n                            <div class=\"team-social\">\n                                <div class=\"icon-btn\"><i class=\"fa-light fa-plus\"><\/i><\/div>\n                                <div class=\"th-social\">\n\t\t\t\t\t\t\t\t\t\t\t\t\t\t\t\t\t\t\t<a  href=\"https:\/\/facebook.com\/\"><i class=\"fab fa-facebook-f\"><\/i><\/a> \n\t\t\t\t\t\t\t\t\t\n\t\t\t\t\t\t\t\t\t\t\t\t\t\t\t\t\t\t\t<a   href=\"https:\/\/twitter.com\/\"><i class=\"fab fa-twitter\"><\/i><\/a> \n\t\t\t\t\t\t\t\t\t\n\t\t\t\t\t\t\t\t\t\n\t\t\t\t\t\t\t\t\t\t\t\t\t\t\t\t\t\t\t<a   href=\"https:\/\/linkedin.com\/\"><i class=\"fab fa-linkedin-in\"><\/i><\/a> \n\t\t\t\t\t\t\t\t\t                                <\/div>\n                            <\/div>\n                        <\/div>\n                    <\/div>\n                <\/div>\n\t\t\t\t\t\t        <div class=\"col-sm-6 col-lg-4 col-xxl-3\">\n                    <div class=\"th-team team-card\">\n                        <div class=\"team-img\">\n\t\t\t\t\t\t\t<img decoding=\"async\" src=\"https:\/\/www.gucbirligipartisi.org\/wp-content\/uploads\/2023\/11\/Basliksiz-6.png\" alt=\"Basliksiz 6\"  \/>                        <\/div>\n\t\t\t\t\t\t<div class=\"team-card-content\">\n                            <div class=\"team-content\">\n\t\t\t\t\t\t\t\t<h3 class=\"team-title box-title th-title\"><a  href=\"https:\/\/themeholy.com\/wordpress\/malen\/team-details\/\">TE\u015eK\u0130LAT BA\u015eKAN VEK\u0130L\u0130<\/a><\/h3>\n\t\t\t\t\t\t\t\t<span class=\"team-desig\"><\/span>\n                            <\/div>\n                            <div class=\"team-social\">\n                                <div class=\"icon-btn\"><i class=\"fa-light fa-plus\"><\/i><\/div>\n                                <div class=\"th-social\">\n\t\t\t\t\t\t\t\t\t\t\t\t\t\t\t\t\t\t\t<a  href=\"https:\/\/facebook.com\/\"><i class=\"fab fa-facebook-f\"><\/i><\/a> \n\t\t\t\t\t\t\t\t\t\n\t\t\t\t\t\t\t\t\t\t\t\t\t\t\t\t\t\t\t<a   href=\"https:\/\/twitter.com\/\"><i class=\"fab fa-twitter\"><\/i><\/a> \n\t\t\t\t\t\t\t\t\t\n\t\t\t\t\t\t\t\t\t\n\t\t\t\t\t\t\t\t\t\t\t\t\t\t\t\t\t\t\t<a   href=\"https:\/\/linkedin.com\/\"><i class=\"fab fa-linkedin-in\"><\/i><\/a> \n\t\t\t\t\t\t\t\t\t                                <\/div>\n                            <\/div>\n                        <\/div>\n                    <\/div>\n                <\/div>\n\t\t\t\t\t\t        <div class=\"col-sm-6 col-lg-4 col-xxl-3\">\n                    <div class=\"th-team team-card\">\n                        <div class=\"team-img\">\n\t\t\t\t\t\t\t<img decoding=\"async\" src=\"https:\/\/www.gucbirligipartisi.org\/wp-content\/uploads\/2023\/11\/Basliksiz-6.png\" alt=\"Basliksiz 6\"  \/>                        <\/div>\n\t\t\t\t\t\t<div class=\"team-card-content\">\n                            <div class=\"team-content\">\n\t\t\t\t\t\t\t\t<h3 class=\"team-title box-title th-title\"><a  href=\"https:\/\/themeholy.com\/wordpress\/malen\/team-details\/\">TE\u015eK\u0130LAT BA\u015eKAN YARDIMCISI<\/a><\/h3>\n\t\t\t\t\t\t\t\t<span class=\"team-desig\"><\/span>\n                            <\/div>\n                            <div class=\"team-social\">\n                                <div class=\"icon-btn\"><i class=\"fa-light fa-plus\"><\/i><\/div>\n                                <div class=\"th-social\">\n\t\t\t\t\t\t\t\t\t\t\t\t\t\t\t\t\t\t\t<a  href=\"https:\/\/facebook.com\/\"><i class=\"fab fa-facebook-f\"><\/i><\/a> \n\t\t\t\t\t\t\t\t\t\n\t\t\t\t\t\t\t\t\t\t\t\t\t\t\t\t\t\t\t<a   href=\"https:\/\/twitter.com\/\"><i class=\"fab fa-twitter\"><\/i><\/a> \n\t\t\t\t\t\t\t\t\t\n\t\t\t\t\t\t\t\t\t\n\t\t\t\t\t\t\t\t\t\t\t\t\t\t\t\t\t\t\t<a   href=\"https:\/\/linkedin.com\/\"><i class=\"fab fa-linkedin-in\"><\/i><\/a> \n\t\t\t\t\t\t\t\t\t                                <\/div>\n                            <\/div>\n                        <\/div>\n                    <\/div>\n                <\/div>\n\t\t\t\t\t\t        <div class=\"col-sm-6 col-lg-4 col-xxl-3\">\n                    <div class=\"th-team team-card\">\n                        <div class=\"team-img\">\n\t\t\t\t\t\t\t<img decoding=\"async\" src=\"https:\/\/www.gucbirligipartisi.org\/wp-content\/uploads\/2023\/11\/Basliksiz-6.png\" alt=\"Basliksiz 6\"  \/>                        <\/div>\n\t\t\t\t\t\t<div class=\"team-card-content\">\n                            <div class=\"team-content\">\n\t\t\t\t\t\t\t\t<h3 class=\"team-title box-title th-title\"><a  href=\"https:\/\/themeholy.com\/wordpress\/malen\/team-details\/\">TE\u015eK\u0130LAT B\u00d6LGE BA\u015eKANI<\/a><\/h3>\n\t\t\t\t\t\t\t\t<span class=\"team-desig\"><\/span>\n                            <\/div>\n                            <div class=\"team-social\">\n                                <div class=\"icon-btn\"><i class=\"fa-light fa-plus\"><\/i><\/div>\n                                <div class=\"th-social\">\n\t\t\t\t\t\t\t\t\t\t\t\t\t\t\t\t\t\t\t<a  href=\"https:\/\/facebook.com\/\"><i class=\"fab fa-facebook-f\"><\/i><\/a> \n\t\t\t\t\t\t\t\t\t\n\t\t\t\t\t\t\t\t\t\t\t\t\t\t\t\t\t\t\t<a   href=\"https:\/\/twitter.com\/\"><i class=\"fab fa-twitter\"><\/i><\/a> \n\t\t\t\t\t\t\t\t\t\n\t\t\t\t\t\t\t\t\t\n\t\t\t\t\t\t\t\t\t\t\t\t\t\t\t\t\t\t\t<a   href=\"https:\/\/linkedin.com\/\"><i class=\"fab fa-linkedin-in\"><\/i><\/a> \n\t\t\t\t\t\t\t\t\t                                <\/div>\n                            <\/div>\n                        <\/div>\n                    <\/div>\n                <\/div>\n\t\t\t\t\t\t\t<\/div>\n\n\t\t\t\t\t\t\t<\/div>\n\t\t\t\t<\/div>\n\t\t\t\t\t<\/div>\n\t\t<\/div>\n\t\t\t\t\t<\/div>\n\t\t<\/section>\n\t\t\t\t<\/div>\n\t\t","protected":false},"excerpt":{"rendered":"<p>TE\u015eK\u0130LAT BA\u015eKANLI\u011eI G\u00fc\u00e7 Birli\u011fi Partisi T\u00fcrkiye Te\u015fkilat Ba\u015fkanl\u0131\u011f\u0131 TE\u015eK\u0130LAT BA\u015eKANI TE\u015eK\u0130LAT BA\u015eKAN VEK\u0130LLER\u0130 TE\u015eK\u0130LAT BA\u015eKAN YARDIMCILARI TE\u015eK\u0130LAT B\u00d6LGE YARDIMCILARI \u0130L BA\u015eKANLIKLARI \u0130L\u00c7E BA\u015eKANLIKLARI MAHALLE TEMS\u0130LC\u0130L\u0130KLER\u0130 \u00dcYELER\u0130M\u0130Z TE\u015eK\u0130LAT BA\u015eKANLI\u011eI H\u00dcSEY\u0130N POLATKAN TE\u015eK\u0130LAT BA\u015eKANI TE\u015eK\u0130LAT BA\u015eKAN VEK\u0130L\u0130 TE\u015eK\u0130LAT BA\u015eKAN YARDIMCISI TE\u015eK\u0130LAT B\u00d6LGE BA\u015eKANI<\/p>\n","protected":false},"author":1,"featured_media":0,"parent":0,"menu_order":0,"comment_status":"closed","ping_status":"closed","template":"template-builder.php","meta":{"give_campaign_id":0,"footnotes":""},"class_list":["post-23","page","type-page","status-publish","hentry"],"aioseo_notices":[],"campaignId":"","jetpack_sharing_enabled":true,"_links":{"self":[{"href":"https:\/\/www.gucbirligipartisi.org.tr\/index.php\/wp-json\/wp\/v2\/pages\/23","targetHints":{"allow":["GET"]}}],"collection":[{"href":"https:\/\/www.gucbirligipartisi.org.tr\/index.php\/wp-json\/wp\/v2\/pages"}],"about":[{"href":"https:\/\/www.gucbirligipartisi.org.tr\/index.php\/wp-json\/wp\/v2\/types\/page"}],"author":[{"embeddable":true,"href":"https:\/\/www.gucbirligipartisi.org.tr\/index.php\/wp-json\/wp\/v2\/users\/1"}],"replies":[{"embeddable":true,"href":"https:\/\/www.gucbirligipartisi.org.tr\/index.php\/wp-json\/wp\/v2\/comments?post=23"}],"version-history":[{"count":26,"href":"https:\/\/www.gucbirligipartisi.org.tr\/index.php\/wp-json\/wp\/v2\/pages\/23\/revisions"}],"predecessor-version":[{"id":2144,"href":"https:\/\/www.gucbirligipartisi.org.tr\/index.php\/wp-json\/wp\/v2\/pages\/23\/revisions\/2144"}],"wp:attachment":[{"href":"https:\/\/www.gucbirligipartisi.org.tr\/index.php\/wp-json\/wp\/v2\/media?parent=23"}],"curies":[{"name":"wp","href":"https:\/\/api.w.org\/{rel}","templated":true}]}}