{"id":1946,"date":"2023-11-08T00:27:47","date_gmt":"2023-11-07T21:27:47","guid":{"rendered":"https:\/\/www.gucbirligipartisi.org\/?page_id=1946"},"modified":"2023-11-08T22:01:56","modified_gmt":"2023-11-08T19:01:56","slug":"baskanlik-divani","status":"publish","type":"page","link":"https:\/\/www.gucbirligipartisi.org.tr\/index.php\/baskanlik-divani\/","title":{"rendered":"Ba\u015fkanl\u0131k Divan\u0131"},"content":{"rendered":"\t\t<div data-elementor-type=\"wp-page\" data-elementor-id=\"1946\" class=\"elementor elementor-1946\" data-elementor-post-type=\"page\">\n\t\t\t\t<div class=\"elementor-element elementor-element-41d23f1 e-con-full e-flex e-con e-parent\" data-id=\"41d23f1\" data-element_type=\"container\" data-e-type=\"container\">\n\t\t\t\t<div class=\"elementor-element elementor-element-cf9d4fa elementor-widget elementor-widget-image\" data-id=\"cf9d4fa\" data-element_type=\"widget\" data-e-type=\"widget\" data-widget_type=\"image.default\">\n\t\t\t\t<div class=\"elementor-widget-container\">\n\t\t\t\t\t\t\t\t\t\t\t\t\t\t\t<img fetchpriority=\"high\" decoding=\"async\" width=\"3300\" height=\"5100\" src=\"https:\/\/www.gucbirligipartisi.org.tr\/wp-content\/uploads\/2023\/11\/sablonn.png\" class=\"attachment-full size-full wp-image-2271\" alt=\"\" srcset=\"https:\/\/www.gucbirligipartisi.org.tr\/wp-content\/uploads\/2023\/11\/sablonn.png 3300w, https:\/\/www.gucbirligipartisi.org.tr\/wp-content\/uploads\/2023\/11\/sablonn-194x300.png 194w, https:\/\/www.gucbirligipartisi.org.tr\/wp-content\/uploads\/2023\/11\/sablonn-663x1024.png 663w, https:\/\/www.gucbirligipartisi.org.tr\/wp-content\/uploads\/2023\/11\/sablonn-768x1187.png 768w, https:\/\/www.gucbirligipartisi.org.tr\/wp-content\/uploads\/2023\/11\/sablonn-994x1536.png 994w, https:\/\/www.gucbirligipartisi.org.tr\/wp-content\/uploads\/2023\/11\/sablonn-1325x2048.png 1325w, https:\/\/www.gucbirligipartisi.org.tr\/wp-content\/uploads\/2023\/11\/sablonn-600x927.png 600w\" sizes=\"(max-width: 3300px) 100vw, 3300px\" \/>\t\t\t\t\t\t\t\t\t\t\t\t\t\t\t<\/div>\n\t\t\t\t<\/div>\n\t\t\t\t<\/div>\n\t\t\t\t<\/div>\n\t\t","protected":false},"excerpt":{"rendered":"","protected":false},"author":1,"featured_media":0,"parent":0,"menu_order":0,"comment_status":"closed","ping_status":"closed","template":"","meta":{"give_campaign_id":0,"footnotes":""},"class_list":["post-1946","page","type-page","status-publish","hentry"],"aioseo_notices":[],"campaignId":"","jetpack_sharing_enabled":true,"_links":{"self":[{"href":"https:\/\/www.gucbirligipartisi.org.tr\/index.php\/wp-json\/wp\/v2\/pages\/1946","targetHints":{"allow":["GET"]}}],"collection":[{"href":"https:\/\/www.gucbirligipartisi.org.tr\/index.php\/wp-json\/wp\/v2\/pages"}],"about":[{"href":"https:\/\/www.gucbirligipartisi.org.tr\/index.php\/wp-json\/wp\/v2\/types\/page"}],"author":[{"embeddable":true,"href":"https:\/\/www.gucbirligipartisi.org.tr\/index.php\/wp-json\/wp\/v2\/users\/1"}],"replies":[{"embeddable":true,"href":"https:\/\/www.gucbirligipartisi.org.tr\/index.php\/wp-json\/wp\/v2\/comments?post=1946"}],"version-history":[{"count":35,"href":"https:\/\/www.gucbirligipartisi.org.tr\/index.php\/wp-json\/wp\/v2\/pages\/1946\/revisions"}],"predecessor-version":[{"id":2280,"href":"https:\/\/www.gucbirligipartisi.org.tr\/index.php\/wp-json\/wp\/v2\/pages\/1946\/revisions\/2280"}],"wp:attachment":[{"href":"https:\/\/www.gucbirligipartisi.org.tr\/index.php\/wp-json\/wp\/v2\/media?parent=1946"}],"curies":[{"name":"wp","href":"https:\/\/api.w.org\/{rel}","templated":true}]}}